 the prime factors of 95.
5, 19
List the prime factors of 5530.
2, 5, 7, 79
What are the prime factors of 1195?
5, 239
List the prime factors of 2659.
2659
List the prime factors of 45167.
31, 47
List the prime factors of 20173.
20173
List the prime factors of 559.
13, 43
What are the prime factors of 1740?
2, 3, 5, 29
List the prime factors of 9056.
2, 283
What are the prime factors of 1060?
2, 5, 53
List the prime factors of 1007.
19, 53
List the prime factors of 23268.
2, 3, 7, 277
List the prime factors of 81144.
2, 3, 7, 23
What are the prime factors of 25536?
2, 3, 7, 19
What are the prime factors of 17972?
2, 4493
What are the prime factors of 10427?
10427
List the prime factors of 4335.
3, 5, 17
List the prime factors of 1418.
2, 709
List the prime factors of 14329.
7, 23, 89
What are the prime factors of 26835?
3, 5, 1789
List the prime factors of 6453.
3, 239
What are the prime factors of 1800?
2, 3, 5
What are the prime factors of 6497?
73, 89
List the prime factors of 8129.
11, 739
What are the prime factors of 1140?
2, 3, 5, 19
List the prime factors of 1188.
2, 3, 11
What are the prime factors of 17101?
7, 349
What are the prime factors of 2287?
2287
List the prime factors of 3565.
5, 23, 31
List the prime factors of 2680.
2, 5, 67
List the prime factors of 35993.
35993
List the prime factors of 11723.
19, 617
What are the prime factors of 1695?
3, 5, 113
What are the prime factors of 1971?
3, 73
List the prime factors of 40108.
2, 37, 271
What are the prime factors of 3513?
3, 1171
List the prime factors of 1189.
29, 41
What are the prime factors of 30997?
139, 223
List the prime factors of 63953.
31, 2063
What are the prime factors of 1253?
7, 179
What are the prime factors of 43478?
2, 21739
What are the prime factors of 3464?
2, 433
What are the prime factors of 23789?
23789
What are the prime factors of 35314?
2, 17657
List the prime factors of 2771.
17, 163
What are the prime factors of 184?
2, 23
List the prime factors of 1655.
5, 331
List the prime factors of 27802.
2, 13901
List the prime factors of 39865.
5, 7, 17, 67
List the prime factors of 14446.
2, 31, 233
What are the prime factors of 18667?
11, 1697
List the prime factors of 20141.
11, 1831
What are the prime factors of 50419?
127, 397
List the prime factors of 24035.
5, 11, 19, 23
List the prime factors of 94924.
2, 19, 1249
List the prime factors of 1066.
2, 13, 41
What are the prime factors of 3901?
47, 83
What are the prime factors of 3790?
2, 5, 379
List the prime factors of 613.
613
List the prime factors of 21862.
2, 17, 643
List the prime factors of 8655.
3, 5, 577
What are the prime factors of 950?
2, 5, 19
List the prime factors of 9230.
2, 5, 13, 71
List the prime factors of 749.
7, 107
List the prime factors of 43417.
11, 3947
What are the prime factors of 903?
3, 7, 43
List the prime factors of 5088.
2, 3, 53
List the prime factors of 16893.
3, 1877
What are the prime factors of 2891?
7, 59
List the prime factors of 936.
2, 3, 13
What are the prime factors of 19549?
113, 173
List the prime factors of 4091.
4091
List the prime factors of 361.
19
What are the prime factors of 143767?
13, 11059
What are the prime factors of 15843?
3, 5281
List the prime factors of 29867.
29867
List the prime factors of 59646.
2, 3, 9941
List the prime factors of 2910.
2, 3, 5, 97
List the prime factors of 5714.
2, 2857
What are the prime factors of 100770?
2, 3, 5, 3359
What are the prime factors of 72910?
2, 5, 23, 317
List the prime factors of 28663.
28663
List the prime factors of 53770.
2, 5, 19, 283
List the prime factors of 5956.
2, 1489
List the prime factors of 1222.
2, 13, 47
List the prime factors of 157.
157
What are the prime factors of 3353?
7, 479
What are the prime factors of 1156?
2, 17
List the prime factors of 16541.
7, 17, 139
List the prime factors of 21739.
21739
What are the prime factors of 64662?
2, 3, 13, 829
What are the prime factors of 2558?
2, 1279
What are the prime factors of 26563?
101, 263
What are the prime factors of 47585?
5, 31, 307
What are the prime factors of 1114?
2, 557
What are the prime factors of 68008?
2, 8501
What are the prime factors of 38506?
2, 13, 1481
What are the prime factors of 1137?
3, 379
List the prime factors of 12541.
12541
List the prime factors of 225.
3, 5
List the prime factors of 7891.
13, 607
List the prime factors of 1793.
11, 163
What are the prime factors of 183?
3, 61
List the prime factors of 71478.
2, 3, 11, 19
What are the prime factors of 6859?
19
List the prime factors of 27859.
13, 2143
What are the prime factors of 55378?
2, 27689
List the prime factors of 4326.
2, 3, 7, 103
What are the prime factors of 561?
3, 11, 17
What are the prime factors of 69903?
3, 863
List the prime factors of 106356.
2, 3, 8863
List the prime factors of 2477.
2477
What are the prime factors of 23065?
5, 7, 659
List the prime factors of 2051.
7, 293
What are the prime factors of 310?
2, 5, 31
What are the prime factors of 12311?
13, 947
What are the prime factors of 1560?
2, 3, 5, 13
List the prime factors of 59606.
2, 29803
What are the prime factors of 11815?
5, 17, 139
What are the prime factors of 1973?
1973
List the prime factors of 1812.
2, 3, 151
List the prime factors of 7212.
2, 3, 601
List the prime factors of 17886.
2, 3, 11, 271
What are the prime factors of 6605?
5, 1321
List the prime factors of 5204.
2, 1301
What are the prime factors of 10627?
10627
What are the prime factors of 7413?
3, 7, 353
List the prime factors of 87828.
2, 3, 13, 563
List the prime factors of 1315.
5, 263
What are the prime factors of 1172?
2, 293
What are the prime factors of 51908?
2, 19, 683
What are the prime factors of 362?
2, 181
What are the prime factors of 38014?
2, 83, 229
What are the prime factors of 9844?
2, 23, 107
List the prime factors of 12622.
2, 6311
What are the prime factors of 4851?
3, 7, 11
What are the prime factors of 43428?
2, 3, 7, 11, 47
List the prime factors of 627.
3, 11, 19
What are the prime factors of 383?
383
What are the prime factors of 176411?
67, 2633
What are the prime factors of 97?
97
What are the prime factors of 1001?
7, 11, 13
What are the prime factors of 3195?
3, 5, 71
List the prime factors of 25037.
25037
List the prime factors of 7350.
2, 3, 5, 7
List the prime factors of 29.
29
List the prime factors of 24010.
2, 5, 7
What are the prime factors of 63848?
2, 23, 347
What are the prime factors of 875?
5, 7
List the prime factors of 674.
2, 337
What are the prime factors of 17433?
3, 13, 149
What are the prime factors of 77300?
2, 5, 773
What are the prime factors of 9112?
2, 17, 67
List the prime factors of 1355.
5, 271
What are the prime factors of 49021?
7, 47, 149
List the prime factors of 1411.
17, 83
List the prime factors of 306.
2, 3, 17
What are the prime factors of 1291?
1291
List the prime factors of 54976.
2, 859
What are the prime factors of 2762?
2, 1381
List the prime factors of 9424.
2, 19, 31
What are the prime factors of 159942?
2, 3, 19, 23, 61
What are the prime factors of 129034?
2, 149, 433
List the prime factors of 55750.
2, 5, 223
What are the prime factors of 3364?
2, 29
List the prime factors of 12378.
2, 3, 2063
List the prime factors of 64901.
64901
List the prime factors of 67786.
2, 33893
List the prime factors of 4475.
5, 179
What are the prime factors of 12315?
3, 5, 821
List the prime factors of 1873.
1873
What are the prime factors of 48?
2, 3
What are the prime factors of 102640?
2, 5, 1283
What are the prime factors of 22461?
3, 7487
List the prime factors of 1562.
2, 11, 71
List the prime factors of 90869.
89, 1021
What are the prime factors of 22466?
2, 47, 239
What are the prime factors of 8638?
2, 7, 617
What are the prime factors of 27412?
2, 7, 11, 89
What are the prime factors of 2570?
2, 5, 257
List the prime factors of 768.
2, 3
List the prime factors of 7400.
2, 5, 37
List the prime factors of 5264.
2, 7, 47
What are the prime factors of 4357?
4357
What are the prime factors of 6960?
2, 3, 5, 29
List the prime factors of 1665.
3, 5, 37
What are the prime factors of 3116?
2, 19, 41
List the prime factors of 43.
43
What are the prime factors of 1259?
1259
List the prime factors of 17667.
3, 13, 151
What are the prime factors of 120